- 16*v - 21. Calculate q(16).
-21
Let j(l) = l + 14. Determine j(0).
14
Let h(r) = -r**3 - 9*r**2 + 3*r + 8. Calculate h(-10).
78
Let d(q) = -q. Give d(-8).
8
Let v(i) = 2*i**2 - 30*i + 45. What is v(14)?
17
Let i(t) = -t**3 - 8*t**2 - 10*t + 28. Calculate i(-6).
16
Let p(g) = 3*g**2 + 5*g + 2. What is p(-3)?
14
Let n(b) = 19*b - 25. Calculate n(1).
-6
Let t(h) = h**3 - 16*h**2 - 56*h - 13. Calculate t(19).
6
Let x(v) = v**3 + 16*v**2 + 23*v + 50. Give x(-15).
-70
Let c(f) = 4*f - 30. Determine c(9).
6
Let f(a) = -8*a + 7. Calculate f(6).
-41
Let x(b) = b**2 - 30*b + 194. Calculate x(21).
5
Let l(r) = r**3 + 5*r**2 + r + 2. What is l(-5)?
-3
Let j(i) = -i - 31. Give j(-5).
-26
Let b(z) = -28*z + 12. Determine b(4).
-100
Let d(r) = -r**3 - 13*r**2 - 4*r - 24. Give d(-13).
28
Let v(p) = -p**2 - p + 2. Calculate v(-4).
-10
Let m(d) = 13*d + 10. Calculate m(-5).
-55
Let f(t) = -t + 27. Determine f(16).
11
Let s(z) = z + 2. What is s(-9)?
-7
Let k(o) = -o - 4. What is k(-11)?
7
Let l(h) = -h**3 + 6*h**2 - h + 2. Calculate l(6).
-4
Let n(a) = -a + 5. Calculate n(-4).
9
Let z(j) = j**3 - 10*j**2 - 30*j - 15. Calculate z(13).
102
Let m(a) = -a**3 - 8*a**2 - 17*a + 6. Determine m(-6).
36
Let k(r) = -2*r**2 + 12*r - 3. Calculate k(5).
7
Let z(n) = -n**2 - 2. What is z(-5)?
-27
Let q(t) = -t**2 - 7*t - 8. Calculate q(-7).
-8
Let k(x) = -9*x - 27. Calculate k(-4).
9
Let t(w) = 2*w**2 + 9*w + 11. Determine t(-12).
191
Let x(t) = -t**2 - 1. What is x(2)?
-5
Let o(q) = -2*q**2 - q + 22. What is o(-5)?
-23
Let i(h) = -h**3 - 19*h**2 + 45*h + 45. Determine i(-21).
-18
Let x(h) = -35*h**3 - h**2 + h. Give x(1).
-35
Let t(j) = j**3 - 13*j**2 + 9. What is t(13)?
9
Let i(g) = 181*g**2 - 1. Give i(1).
180
Let m(c) = 45*c + 260. Calculate m(-6).
-10
Let d(p) = 7*p**2 + 309*p + 44. Give d(-44).
0
Let g(p) = -6*p - 4. Give g(-3).
14
Let h(x) = 5*x**3 + x**2 - 2*x - 1. Give h(2).
39
Let q(a) = a**3 + 2*a**2 - 4*a - 1. Give q(-3).
2
Let y(p) = 27*p. Determine y(2).
54
Let g(q) = q**3 + 26*q**2 + 21*q - 70. Calculate g(-25).
30
Let f(r) = -r**3 - 7*r**2 + 6*r - 7. Calculate f(-7).
-49
Let m(r) = -3*r - 7. What is m(-11)?
26
Let u(a) = 93*a - 1026. Determine u(11).
-3
Let h(s) = -4*s - 14. What is h(1)?
-18
Let f(m) = -m**3 + 3*m**2 + 71*m - 2. Calculate f(10).
8
Let c(k) = -2*k**2 - 9*k - 9. Calculate c(-5).
-14
Let b(x) = x + 16. Calculate b(-19).
-3
Let m(l) = -7*l - 5. Calculate m(-6).
37
Let j(x) = -7*x - 21. Determine j(5).
-56
Let n(c) = 2*c**2 - 44*c + 11. Give n(22).
11
Let z(p) = p**2 - 6*p - 19. Determine z(9).
8
Let y(n) = -n**3 + 5*n**2 + 3*n - 3. Give y(5).
12
Let c(v) = v**3 - 4*v**2 + 3*v + 1. What is c(3)?
1
Let m(r) = -2*r**3 - r**2 - 3*r + 3. Calculate m(-3).
57
Let i(p) = -p**3 - 29*p**2 - 28*p + 13. Determine i(-28).
13
Let u(w) = -w**2 + 4*w - 7. What is u(4)?
-7
Let a(s) = 8*s**2 + 34*s - 26. Give a(-6).
58
Let z(c) = c**2 - 15*c + 4. Determine z(15).
4
Let r(m) = m - 19. Determine r(-3).
-22
Let r(k) = -3*k**2 - 102*k + 43. Determine r(-34).
43
Let f(k) = k**2 - k - 45. Give f(-6).
-3
Let s(d) = d - 8. Determine s(0).
-8
Let j(n) = -n**3 - 2*n**2 + 2*n + 1. Determine j(2).
-11
Let p(t) = t**3 - 5*t**2 + 8*t - 53. What is p(7)?
101
Let q(z) = 48*z**3 + 2*z**2 + 2*z + 1. What is q(-1)?
-47
Let d(y) = -y**3 - 8*y**2 - 2*y + 5. Calculate d(-8).
21
Let m(w) = w**3 + 77*w**2 + 834*w + 28. Give m(-13).
2
Let k(g) = g + 3. Determine k(4).
7
Let j(w) = -17*w**2 + 2*w - 2. Determine j(2).
-66
Let g(o) = -3*o + 47. Determine g(14).
5
Let x(r) = r**2 + 47*r + 248. What is x(-6)?
2
Let n(p) = p + 15. What is n(-10)?
5
Let p(h) = h**3 + 10*h**2 - 10*h + 9. What is p(-11)?
-2
Let b(y) = y**3 + 11*y**2 + 11*y + 12. What is b(-10)?
2
Let s(z) = z**3 - z**2 - 4*z - 2. Calculate s(-2).
-6
Let s(w) = -w**3 + 4*w**2 - 25*w + 81. Determine s(4).
-19
Let b(w) = 3*w**3 - 25*w**2 + 10*w - 23. Calculate b(8).
-7
Let a(x) = 11*x + 7. Determine a(3).
40
Let w(q) = -3*q**3 - 5*q**2 + 3*q + 1. What is w(-3)?
28
Let o(q) = 3*q**2 + 17*q. What is o(-8)?
56
Let d(u) = -u**2 + 4*u + 27. Give d(8).
-5
Let w(n) = 3*n - 1. Give w(-6).
-19
Let u(o) = 2*o**3 + 11*o**2 - 24*o - 14. Calculate u(-7).
7
Let u(b) = -b**2 + 13*b - 28. Calculate u(9).
8
Let w(j) = j**3 - 3*j**2 - 7*j + 9. Give w(4).
-3
Let w(u) = 2*u + 1. Give w(4).
9
Let z(f) = -5*f**3 + 3*f**2 - 4*f + 1. Calculate z(2).
-35
Let l(b) = -97*b - 1. Calculate l(1).
-98
Let i(c) = c**2 + c - 1. Calculate i(1).
1
Let c(t) = t + 3. Give c(3).
6
Let d(q) = q**3 - 37*q**2 - 58*q + 761. What is d(38)?
1
Let a(o) = 4*o - 3. Give a(5).
17
Let s(g) = 7*g + 93. What is s(-14)?
-5
Let t(k) = -k - 3. What is t(-9)?
6
Let b(h) = -h**3 + 7*h**2 - 5*h - 4. Determine b(6).
2
Let c(k) = 20*k**3 + 3*k**2 + 6*k + 4. Calculate c(-1).
-19
Let a(m) = 3*m**3 + 2*m**2 - 3*m + 2. Give a(1).
4
Let u(l) = -l**2 - 13*l - 9. What is u(-12)?
3
Let z(w) = -w**3 - 4*w**2 - 4*w - 8. Determine z(-3).
-5
Let f(o) = o**2 + 13*o - 10. Determine f(-14).
4
Let d(p) = -p**3 + 9*p**2 + 5*p - 15. Determine d(10).
-65
Let v(w) = -14*w**2 - 55*w - 3. What is v(-4)?
-7
Let t(b) = b**3 - 7*b**2 - 2*b - 2. Calculate t(7).
-16
Let s(q) = q**3 + q**2 - 8*q - 8. Calculate s(-3).
-2
Let n(q) = q**3 + 4*q**2 + 4*q + 3. Give n(-2).
3
Let x(m) = m**2 + 13*m - 7. What is x(-12)?
-19
Let s(f) = -3*f - 6. Give s(-4).
6
Let s(m) = m**2 + 10*m - 14. Calculate s(-11).
-3
Let i(c) = c**2 - 10*c - 5. Give i(11).
6
Let r(a) = -a**3 - 11*a**2 - 33*a - 132. Determine r(-9).
3
Let d(n) = 3*n - 38. What is d(14)?
4
Let q(o) = o**2 + 15*o + 42. Calculate q(-11).
-2
Let z(x) = -x**2 + 8*x + 6. What is z(8)?
6
Let p(k) = -k**3 + 5*k**2 + k - 15. Determine p(5).
-10
Let g(o) = 8*o - 232. Determine g(30).
8
Let s(i) = i**2 - 10*i + 14. What is s(11)?
25
Let j(x) = 3*x**2 + x + 1. What is j(-4)?
45
Let q(y) = y**2 - 10*y - 122. Give q(17).
-3
Let j(m) = m**2 + 3*m + 2. What is j(-4)?
6
Let s(y) = 48*y - 195. What is s(4)?
-3
Let v(k) = k**2 + 7*k + 5. What is v(-6)?
-1
Let z(s) = -3*s - 24. Give z(-14).
18
Let c(k) = -10*k + 3. Calculate c(2).
-17
Let z(h) = 3*h**2 - 12*h + 22. Calculate z(8).
118
Let q(x) = 33*x**2 - x - 2. Calculate q(-1).
32
Let k(u) = u**3 + 2*u**2 - 11*u - 15. Give k(-4).
-3
Let l(h) = -h**3 - 5*h**2 - 3*h + 7. What is l(-4)?
3
Let k(r) = -r**3 - 8*r**2 + 9*r - 9. Calculate k(-9).
-9
Let q(z) = -6*z - 218. What is q(-34)?
-14
Let p(s) = s + 2. What is p(1)?
3
Let v(d) = d**3 - 16*d**2 + 28*d + 5. Give v(14).
5
Let s(b) = 2*b + 17. Give s(-10).
-3
Let t(c) = c + 16. Calculate t(-4).
12
Let v(i) = 14*i + 18. What is v(-2)?
-10
Let y(c) = -4*c. What is y(2)?
-8
Let f(r) = -r**2 + 3*r + 16. Determine f(5).
6
Let s(k) = -k - 7. Give s(-3).
-4
Let l(y) = -15*y + 35. Give l(2).
5
Let k(d) = 14*d + 60. What is k(-5)?
-10
Let y(c) = c**2 - 8*c + 9. Determine y(7).
2
Let m(x) = -x**2 - 14*x - 3. What is m(-14)?
-3
Let q(a) = -a**2 + 3*a + 6. Calculate q(5).
-4
Let y(a) = 4*a**2 - 55*a - 19. What is y(14)?
-5
Let d(r) = r**2 - 2*r - 184. Determine d(-13).
11
Let c(r) = -r**2 + 19*r - 26. Give c(18).
-8
Let k(d) = -41*d - 79. Give k(-2).
3
Let d(i) = -2*i**2 + 2*i + 5. What is d(2)?
1
Let b(x) = -2*x**2 + 6*x + 1. Determine b(1).
5
Let g(x) = -3*x**2 - x + 8. Calculate g(2).
-6
Let t(h) = h**2 - 16*h - 27. What is t(16)?
-27
Let q(t) = -t**3 + 13*t**2 - 11*t + 3. What is q(12)?
15
Let b(q) = -16*q**2 - 4*q + 1. Give b(-2).
-55
Let c(h) = h**3 + 2*h**2 - 3*h - 7. What is c(-4)?
-27
Let f(x) = -x**2 + 26*x - 95. What is f(22)?
-7
Let m(d) = -4*d - 38. Give m(-11).
6
Let c(y) = -y**2 + 54*y - 3. Calculate c(0).
-3
Let q(t) = t**3 + 8*t**2 - 2*t - 4. Calculate q(-8).
12
Let z(d) = 2*d**2 - 6*d - 8. What is z(8)?
72
Let y(w) = -w**3 - 10*w**2 - 7*w + 9. Determine y(-9).
-9
Let m(l) = -11*l + 2. What is m(2)?
-20
Let o(p) = -p**3 - p**2 + 1. Calculate o(-2).
5
Let x(o) = 2*o + 32. Determine x(-13).
6
Let b(a) = 3*a**2 - 14*a. Determine b(5).
5
Let d(c) = 19*c + 1. What is d(1)?
20
Let o(h) = 9*h**2 - 2*h + 1. What is o(1)?
8
Let s(g) = 12*g + 90. Calculate s(-8).
-6
Let t(v) = v**2 + 4*v - 63. Calculate t(6).
-3
Let c(v) = -v - 3. Determine c(8).
-11
Let a(k) = 8*k**2 + 2*k - 3. Calculate a(-3).
63
Let l(g) = g**2 - 9*g + 15. Determine l(7).
1
Let b(n) = -2*n**2 + 13*n - 27. What is b(6)?
-2